lculate the highest common divisor of 84 and 105.
21
What is the highest common factor of 11461 and 73?
73
Calculate the highest common divisor of 13 and 247.
13
Calculate the greatest common divisor of 14823 and 61.
61
Calculate the greatest common factor of 270 and 6.
6
Calculate the greatest common factor of 16 and 18.
2
Calculate the greatest common factor of 651 and 1116.
93
Calculate the greatest common factor of 2530 and 385.
55
What is the greatest common factor of 44 and 198?
22
What is the greatest common factor of 81 and 252?
9
What is the greatest common factor of 518 and 851?
37
What is the greatest common divisor of 56 and 56?
56
What is the highest common factor of 1224 and 952?
136
Calculate the greatest common factor of 38 and 171608.
38
What is the highest common divisor of 918 and 54?
54
What is the greatest common factor of 12 and 876?
12
What is the greatest common divisor of 165 and 715?
55
What is the greatest common factor of 207 and 3427?
23
Calculate the highest common factor of 1048 and 14410.
262
What is the highest common factor of 2530 and 22?
22
Calculate the highest common factor of 18 and 2.
2
What is the greatest common factor of 494 and 76?
38
Calculate the greatest common divisor of 672 and 252.
84
Calculate the highest common factor of 16 and 608.
16
What is the highest common divisor of 1197 and 252?
63
What is the greatest common factor of 445 and 5?
5
What is the greatest common factor of 3043 and 17?
17
What is the greatest common divisor of 168 and 59304?
168
Calculate the highest common factor of 32 and 1912.
8
What is the greatest common divisor of 3940 and 30?
10
What is the greatest common factor of 71 and 426?
71
What is the highest common factor of 320 and 5?
5
What is the greatest common divisor of 1530 and 210?
30
What is the highest common divisor of 38 and 475?
19
What is the highest common divisor of 15 and 255?
15
Calculate the greatest common divisor of 2698 and 570.
38
Calculate the greatest common divisor of 102 and 19839.
51
What is the greatest common divisor of 153 and 16677?
153
Calculate the highest common divisor of 8 and 536.
8
Calculate the highest common divisor of 49226 and 302.
302
What is the greatest common factor of 973 and 417?
139
Calculate the greatest common factor of 64 and 8416.
32
What is the greatest common factor of 629 and 17?
17
Calculate the greatest common divisor of 40 and 32.
8
Calculate the greatest common divisor of 18 and 1380.
6
Calculate the greatest common factor of 44 and 2156.
44
Calculate the greatest common divisor of 188 and 329.
47
Calculate the highest common divisor of 26 and 637.
13
What is the highest common factor of 21 and 87?
3
What is the greatest common factor of 99 and 63?
9
Calculate the greatest common factor of 4194 and 18.
18
Calculate the greatest common divisor of 96 and 10144.
32
Calculate the greatest common divisor of 144 and 63.
9
Calculate the greatest common factor of 440 and 4664.
88
What is the highest common divisor of 2668 and 184?
92
What is the highest common factor of 114 and 42?
6
Calculate the greatest common divisor of 6319 and 89.
89
What is the greatest common divisor of 54 and 1350?
54
Calculate the greatest common divisor of 69 and 2139.
69
Calculate the greatest common factor of 2406 and 42.
6
What is the greatest common factor of 29 and 2117?
29
Calculate the highest common divisor of 75 and 885.
15
Calculate the greatest common divisor of 226 and 2.
2
Calculate the greatest common divisor of 9040 and 80.
80
Calculate the highest common factor of 9162 and 18.
18
What is the highest common divisor of 50 and 25?
25
What is the greatest common factor of 45 and 1185?
15
Calculate the highest common divisor of 4284 and 136.
68
Calculate the greatest common divisor of 528 and 816.
48
What is the greatest common factor of 88 and 99?
11
What is the highest common divisor of 18 and 258?
6
What is the greatest common divisor of 12 and 276?
12
Calculate the highest common divisor of 4221 and 134.
67
What is the highest common factor of 97 and 36763?
97
What is the highest common factor of 3568 and 16?
16
What is the highest common divisor of 2808 and 832?
104
What is the greatest common divisor of 4 and 25?
1
Calculate the greatest common factor of 696 and 480.
24
Calculate the highest common divisor of 1023 and 3.
3
Calculate the highest common factor of 57 and 171.
57
What is the highest common factor of 2368 and 37?
37
What is the highest common factor of 405 and 54?
27
Calculate the greatest common divisor of 1633 and 46.
23
What is the highest common divisor of 308 and 231?
77
What is the greatest common factor of 20 and 5650?
10
Calculate the highest common factor of 19399 and 19.
19
Calculate the greatest common factor of 1125 and 3500.
125
What is the highest common divisor of 1977 and 6?
3
What is the greatest common factor of 240 and 1005?
15
Calculate the highest common divisor of 1116 and 6820.
124
What is the greatest common divisor of 120 and 450?
30
Calculate the highest common divisor of 143 and 507.
13
Calculate the greatest common factor of 111 and 30.
3
What is the highest common factor of 48 and 1440?
48
Calculate the highest common factor of 30 and 3270.
30
What is the highest common factor of 192 and 24?
24
Calculate the greatest common divisor of 364 and 52.
52
What is the highest common factor of 1769 and 549?
61
Calculate the highest common divisor of 51 and 391.
17
What is the greatest common divisor of 138 and 12?
6
What is the highest common factor of 8 and 508?
4
What is the highest common divisor of 4929 and 93?
93
What is the greatest common divisor of 161 and 154?
7
Calculate the greatest common divisor of 295 and 5.
5
Calculate the highest common factor of 87 and 58.
29
Calculate the highest common factor of 3377 and 33.
11
Calculate the greatest common factor of 272 and 1156.
68
What is the greatest common divisor of 258 and 6837?
129
Calculate the greatest common divisor of 957 and 348.
87
Calculate the greatest common divisor of 60 and 885.
15
What is the greatest common divisor of 2 and 82?
2
Calculate the greatest common factor of 56 and 9716.
28
What is the highest common divisor of 215 and 1462?
43
What is the highest common divisor of 973 and 139?
139
What is the highest common factor of 1200 and 225?
75
What is the greatest common divisor of 3 and 93?
3
Calculate the greatest common factor of 616 and 2728.
88
What is the greatest common factor of 891 and 957?
33
What is the greatest common divisor of 1 and 8?
1
What is the greatest common factor of 160 and 30?
10
What is the highest common factor of 6 and 242?
2
Calculate the highest common factor of 747 and 15.
3
Calculate the highest common factor of 960 and 315.
15
Calculate the greatest common factor of 5781 and 123.
123
What is the greatest common factor of 15368 and 340?
68
Calculate the greatest common factor of 76 and 20.
4
Calculate the greatest common divisor of 345 and 570.
15
What is the highest common factor of 171 and 144?
9
Calculate the greatest common divisor of 30 and 645.
15
What is the highest common factor of 910 and 715?
65
What is the highest common factor of 1625 and 91?
13
What is the highest common factor of 1105 and 195?
65
What is the highest common factor of 2312 and 1768?
136
What is the highest common factor of 120 and 72?
24
What is the greatest common divisor of 30 and 7935?
15
What is the highest common factor of 1763 and 43?
43
What is the highest common divisor of 12 and 1420?
4
What is the highest common divisor of 1575 and 1323?
63
What is the highest common factor of 154 and 539?
77
What is the highest common factor of 136 and 24?
8
Calculate the greatest common factor of 3 and 73.
1
What is the greatest common divisor of 40 and 280?
40
Calculate the greatest common divisor of 1480 and 160.
40
Calculate the greatest common divisor of 987 and 84.
21
What is the greatest common factor of 7 and 329?
7
Calculate the highest common divisor of 900 and 6075.
225
What is the greatest common factor of 384 and 18?
6
Calculate the greatest common factor of 12 and 3291.
3
Calculate the highest common divisor of 72 and 198.
18
What is the highest common divisor of 36 and 216?
36
Calculate the highes